). Suppose o*g - i - 741 = 0, -2*i + 138 = -2*g + 632. Is g a prime number?
False
Suppose 0 = -8*g + 10*g - 2694. Let p = -806 + g. Is p a composite number?
False
Let p(s) = -4*s**2 - 14*s + 1. Let o(f) = -9*f**2 - 29*f + 2. Let k(j) = 2*o(j) - 5*p(j). Let v(w) = w**2 + 5*w + 8. Let d be v(-5). Is k(d) a prime number?
True
Suppose -3*d + 15 = 0, -v + 4*d = -d + 43. Is (-2 - v)/4 - -629 composite?
True
Suppose -5*w - 23379 = -x, 0 = 4*x + 5*w - 129793 + 36177. Is x composite?
False
Let h be (-9)/1*2/(-6). Suppose -h*v + 2*v + 145 = 0. Suppose -f + 0*f = -v. Is f a prime number?
False
Let j(r) = -r**2 + 15*r - 10. Let x be j(14). Suppose x*z - 2*g = 1623 + 1055, -5*z - 4*g + 3315 = 0. Is z composite?
True
Suppose -3*b - 2*b + 2860 = -2*w, 575 = b - w. Suppose -3*h - b = -6*h. Let q = -107 + h. Is q prime?
True
Suppose 2*i - 37175 = -5*l, -l + 2273 = i - 5165. Is l a composite number?
False
Let v(i) = -i**2 + 3*i + 20. Let a be v(10). Let o = 329 + a. Let q = o - 194. Is q prime?
False
Let a(r) = r**3 + 12*r**2 + 11*r + 21. Let h be a(-11). Suppose -h*d = -19*d - 1814. Is d a prime number?
True
Suppose 8 = 5*q - 2. Suppose 4*y - 16 = q*y - 4*w, -4*w = 4*y - 24. Suppose -3*s + 3*f = y*f - 143, 0 = -s - 3*f + 37. Is s a composite number?
True
Let l = 22 - 31. Is (-5 - l - 1566)*(-1)/2 a composite number?
True
Is (2/4)/(14/90188) a prime number?
True
Let a(b) = 4576*b**2 - 2*b + 1. Is a(-3) prime?
False
Let m = -2166 - -3421. Let q = m - 588. Is q a composite number?
True
Suppose -b = 4*b - 515. Suppose r - 6 = b. Is r prime?
True
Suppose -5*n = -12*n + 3003. Is (-3 + 8 + -3)*n/6 composite?
True
Suppose -4*q + 2*n = -2976, -1475 = -3*q - 5*n + 783. Is (21/(5 + 2))/(6/q) prime?
True
Suppose -b + 3*k + 305 = 0, -5*k + 495 = -3*b + 1402. Suppose -s + 578 = -b. Is s a prime number?
True
Let h be (-259 - 17)/(3/(-2)). Suppose 0 = 3*d - 473 - h. Is d composite?
True
Let s(o) = 2*o**3 + 10*o**2 - 44*o + 35. Is s(24) prime?
False
Suppose 4*o + 3*l = 790, o + 2*l = -3*l + 189. Is o - (-1 - (-2 - 4)) a prime number?
False
Suppose 73 = 5*q + 3. Let g(z) = -34*z + 5. Let h(x) = -68*x + 9. Let u(r) = -9*g(r) + 4*h(r). Is u(q) a composite number?
False
Suppose -5*f + 0*f - h = -70104, 5*f - h = 70106. Is f a prime number?
False
Is 138531/9 - -3 - (-18)/(-54) a composite number?
True
Suppose -3*w + 2754 = -582. Suppose 7*d = 10*d - 2358. Let z = w - d. Is z a prime number?
False
Suppose 5*d + x + 2 = 155, -4*d = 5*x - 114. Suppose -y - v = -6*v - d, 3*v - 3 = -3*y. Let m(i) = 12*i**2 + i + 5. Is m(y) composite?
False
Let s(a) = -a**3 + a**2 - 18. Let z be s(0). Let p be 12/6*(0 + z). Let q = -23 - p. Is q composite?
False
Suppose 0 = -c + 9 - 10, j = c + 12654. Is j a composite number?
False
Let c be 1 + -1 - 0/(-10). Suppose -r + 572 = -a - 3*a, 5*a = c. Suppose 3*b = -b + r. Is b prime?
False
Let t be 38/9 - 26/117. Let i be (-4)/2 - (-9 + t). Suppose -123 = i*f - 4*f. Is f a prime number?
False
Let s(v) = -127*v + 157. Is s(-26) a composite number?
True
Let l = -207 - -292. Let m(i) = -i**2 - 19*i - 40. Let j be m(-4). Let k = l - j. Is k composite?
True
Is ((-3320)/(-32) - -6)/(1/4) a prime number?
True
Let u = 21859 + 72018. Is u a prime number?
False
Suppose 26*f = 34*f - 18992. Is f prime?
False
Let n(x) be the third derivative of -13*x**6/60 + x**5/20 + x**4/3 + x**3/3 + 19*x**2. Is n(-3) a prime number?
False
Let h be (354/9)/(8/2268). Suppose -6*a + h = -a - k, -3*a + k = -6689. Is a prime?
False
Suppose 2623 = -4*q - 2509. Let g = -244 - q. Is g a prime number?
True
Suppose 13*c + 36554 = 27*c. Is c a prime number?
False
Suppose -9 = 2*u - 11, -2*b - 2*u + 320056 = 0. Is b a prime number?
False
Suppose 5*f + 5059 = 2*t, 0*f + 4*f - 5068 = -2*t. Let j = 3575 - t. Is j a composite number?
True
Suppose f - 3*w = -0*w + 104, 3*w + 211 = 2*f. Let d = f + 434. Is d a composite number?
False
Suppose 5*y = 5*h + 35, 4*y = 2*h - 3*h + 13. Let o be (h/2)/(12/(-592)). Let w = 107 - o. Is w a composite number?
True
Suppose 2*f + 8 = 0, -3*f + 0*f + 43 = -5*g. Let n(d) = 8*d**2 + 6*d - 25. Is n(g) a composite number?
False
Suppose -4*q - 329 = 5*p, 3*p = 5*q - 0*p + 439. Let l = -46 - q. Suppose x - l = 13. Is x composite?
False
Suppose -2*u + 2*t = -14, -3*u - 4*t - 9 - 5 = 0. Let c(b) = -b**3 + 5*b**2 + u*b**3 + 4*b - 9 + 10*b + 8*b**2. Is c(-11) prime?
True
Let f(r) = 2*r**2 - 4*r - 21. Is f(-10) a composite number?
True
Let u(o) = -61*o - 1. Let g(j) = 30*j + 1. Let k(i) = -7*g(i) - 4*u(i). Is k(6) a prime number?
False
Suppose 0*p = -2*p - 168. Let w(k) = 250*k + 1. Let b be w(1). Let r = p + b. Is r a composite number?
False
Let c(t) = 10*t + 7. Let v(y) = -y**2 - y. Let l(u) = -c(u) - 4*v(u). Is l(8) a composite number?
True
Let l = -19 - -26. Let v(t) = -t**2 + 8*t + 2. Let w be v(l). Suppose -2*y - w = -35. Is y prime?
True
Let i = -66030 + 104623. Is i prime?
True
Let t(d) = -2*d**2 + 10*d - 4. Let f be t(4). Suppose -3*i + 4*p = 104, -5*i = f*p - p + 125. Let o = -6 - i. Is o composite?
True
Let q be 408/16*(-104)/(-6). Suppose 5*a - q = 343. Is a prime?
True
Suppose -2*g - 4*s + 2230 = 0, -2*g + s - 4*s + 2234 = 0. Suppose -4*c = -3225 - g. Is c a prime number?
True
Is 1115564/52 - 10/65 composite?
True
Let u(g) = 3*g**3 - 16*g**2 + 27*g + 35. Let o(r) = -2*r**3 + 11*r**2 - 18*r - 23. Let a(s) = -8*o(s) - 5*u(s). Is a(7) a prime number?
True
Let z(l) = -246*l - 5. Let t(u) = u + 2. Let o be t(-8). Is z(o) composite?
False
Suppose 2*w - 5*w - 9 = 0. Is w - 0 - -191 - 3 a prime number?
False
Let a = 881 + -590. Is (a/2)/((-33)/(-44)) a prime number?
False
Let n = 192 - 102. Let o = -7 + 12. Suppose -2*q + 112 = 2*s, -o*s = q - n + 30. Is q a prime number?
False
Suppose 3758 - 8857 = -s. Is s a composite number?
False
Let n be 1/(3/(6 - 0)). Let l = n - 3. Is -1 - (-135 - 3/l) a composite number?
False
Suppose -2*t + 20563 + 6259 = -4*c, -40263 = -3*t - 4*c. Is t prime?
True
Suppose -4*v - 447 = -0*m + m, -115 = v - 3*m. Is (-13)/39 - v/3 prime?
True
Let k = 75505 + -41696. Is k a prime number?
True
Suppose -7997 = 8*o - 102405. Is o prime?
True
Let s(m) = m**3 + 14*m**2 - 26*m + 30. Is s(25) a prime number?
False
Let t = -60 - -57. Is (0 - (3118 + 0))*t/6 composite?
False
Is (208584/(-252))/((-4)/14) a prime number?
True
Suppose 16679 = 2*d - 627. Is d a composite number?
True
Suppose 7*s - 7692 = s. Suppose 2*t - s = 1440. Suppose h = -4*c + 2906, h + 95 = 2*c - t. Is c composite?
False
Let z(l) = 6*l**2 + 16*l + 22. Let g be z(15). Suppose 3*n = -n + g. Suppose 2*b - n = 483. Is b composite?
False
Suppose 0 = 3*l - 127 - 506. Is l composite?
False
Suppose 6*d = 2*d + 24. Suppose -7*f = -d*f - 331. Is f composite?
False
Suppose x = 5*d + 18652, -74563 = -3*x - x + 5*d. Is x a composite number?
False
Let i(z) = 2*z**2 + 15 + 4 + 6*z**3 - 6 + 0*z**2 - 4*z. Is i(6) a prime number?
False
Suppose 31324 = 16*h - 254004. Is h prime?
False
Suppose -2*q = 4*b - 28858, -b + 14426 = q + 2*b. Is q composite?
True
Suppose 4 = 87*t - 85*t. Suppose t*v - 659 = 159. Is v a composite number?
False
Suppose -2*m = 1 + 1, 0 = -t + 3*m + 858. Suppose -27 - 5 = s. Let p = t - s. Is p prime?
True
Let f(p) = -260*p**2 - p - 1. Let g be f(-1). Is (-2)/(-6)*-3 - g composite?
True
Let a(g) = 2388*g**2 + 65*g - 4. Is a(3) prime?
True
Let m be 4/(-10) - 8/(-20). Suppose -362 = -m*p - p. Suppose 0 = 5*j - u - 448, 4*j + 2*u - 4*u - p = 0. Is j a prime number?
True
Let f = -2471 + 1495. Let s = 1727 + f. Is s prime?
True
Let l(g) = 3*g**2 - 14*g - 29. Suppose 32 - 54 = -p. Is l(p) prime?
False
Let c(z) = -z**2 - 5*z + 4. Let f be c(-5). Suppose -f*g - 5*u + 3620 = 0, 3*u - 4 = 2*u. Suppose 4*s - g = 128. Is s a prime number?
True
Suppose 0 = a - 1, 5*a = 2*l - 11. Suppose -2*v = -3*u + l*u - 1478, -2*u - 739 = -v. Is v a composite number?
False
Let l(d) = 188*d + 10. Is l(8) composite?
True
Let h = -51 + 24. Let v = -28 - h. Is 129/12 - v/4 composite?
False
Let b(c) = -c. Let j(s) = -327*s - 2. Let o(m) = -6*b(m) + j(m). Is o(-1) prime?
False
Let k be ((-376)/3)/((-8)/(-24)). Let f = 1247 + k. Is f a composite number?
True
Suppose 47 = q - 21. Suppose -q*h + 1012 = -64*h. Is h a composite number?
True
Suppose k = -3*k. Let r(p) = 1 + 2*p**2 - 2*p + 0*p - 8 + k. Is r(6) composite?
